{"id":6,"date":"2013-04-10T19:44:32","date_gmt":"2013-04-10T19:44:32","guid":{"rendered":"http:\/\/localhost\/wordpress\/?page_id=2"},"modified":"2024-01-03T17:31:32","modified_gmt":"2024-01-03T15:31:32","slug":"beispiel-seite-2","status":"publish","type":"page","link":"https:\/\/www.dortmund-aikido.de\/?page_id=6","title":{"rendered":"Das Dojo"},"content":{"rendered":"<div>\n<p><strong>Anschrift: H\u00f6rderstr 29 \/ 44309 Dortmund<br \/>\n<\/strong>E-Mail: aikido@dortmund-aikido.de<br \/>\nTel.: 0231255698<\/p>\n<p><a href=\"http:\/\/www.dortmund-aikido.de\/neu\/wp-content\/uploads\/2013\/04\/jubel-bild.jpg\"><img decoding=\"async\" loading=\"lazy\" class=\"alignleft\" src=\"http:\/\/www.dortmund-aikido.de\/neu\/wp-content\/uploads\/2013\/04\/jubel-bild-300x83.jpg\" alt=\"jubel-bild\" width=\"428\" height=\"118\" \/><\/a><\/p>\n<p>Der <strong>Takemusu Aikido Dortmund e.V.<br \/>\n<\/strong>ist ein rein ehrenamtlicher Verein f\u00fcr Aikido interessierte Menschen.<br \/>\nAikido ist ein Weg geistiger und k\u00f6rperlicher Schulung, bei dem K\u00f6rper und Geist darauf trainiert werden, in zielgerichteter und effektiver Weise zusammen zu arbeiten. Die Wahrnehmung, Kontrolle und Lenkung der inneren und \u00e4u\u00dferen Kr\u00e4fte zur Kontrolle einer Konfliktsituation ist Schwerpunkt des Trainings.<\/p>\n<p>Wir trainieren den\u00a0 Aikido-Stil, den\u00a0 <a title=\"Wikipedia Artikel zu Saito (extern)\" href=\"http:\/\/de.wikipedia.org\/wiki\/Morihiro_Saito\">Morihiro Saito<\/a>\u00a0 Sensei, bis zu seinem Tod in Iwama gelehrt hat. Die offizielle Bezeichnung des Stils lautet\u00a0 Takemusu Aikido und war bis vor einigen Jahren auch unter dem Namen Iwama Ryu (Benannt nach der Provinz in dem der\u00a0 Dojo steht, in dem Saito Sensei gelehrt hat.) bekannt. Unser Dojo wurde 1995 gegr\u00fcndet und befindet sich in unmittelbarer N\u00e4he zum balou e.V. in Dortmund Brackel.<br \/>\nUnter der Leitung des Dojo-Gr\u00fcnders Dr.Rudolf Preuss (6. Dan, Aikikai)\u00a0 betr\u00e4gt die Mitgliederzahl\u00a0 nach 28 Jahren Takemusu Aikido Dortmund e.V. rund 50 Mitglieder. Neben der allgemeinen Trainings-Gruppe f\u00fcr\u00a0 Erwachsene, bieten wir ebenfalls eine Trainingsgruppe f\u00fcr Teens ab 10 Jahren an.<\/p>\n<p><a href=\"http:\/\/www.dortmund-aikido.de\/neu\/wp-content\/uploads\/2013\/07\/halle-aussen.jpg\"><img decoding=\"async\" loading=\"lazy\" src=\"http:\/\/www.dortmund-aikido.de\/neu\/wp-content\/uploads\/2013\/07\/halle-aussen-300x146.jpg\" alt=\"halle-aussen\" width=\"300\" height=\"146\" \/><\/a><\/p>\n<p>Trainiert wird in der vereinseigenen Holzturnhalle.<br \/>\nDa Kraft und Konstitution beim Aikido zweitrangig ist, trainieren Frauen und M\u00e4nner\u00a0 (sowie Jungen und M\u00e4dchen bei den Teens) gemeinsam. Auch wenn es sich bei Aikido (auf den ersten Blick) um eine Art des\u00a0 K\u00e4mpfens handelt, ist die Vorausetzung f\u00fcr ein erfolgreiches Training, der angemessene und freundschaftliche Umgang\u00a0 miteinander. Demnach herrscht w\u00e4hrend des Trainings eine angenehm entspannte Atmosph\u00e4re.<\/p>\n<\/div>\n","protected":false},"excerpt":{"rendered":"<p>Anschrift: H\u00f6rderstr 29 \/ 44309 Dortmund E-Mail: aikido@dortmund-aikido.de Tel.: 0231255698 Der Takemusu Aikido Dortmund e.V. ist ein rein ehrenamtlicher Verein f\u00fcr Aikido interessierte Menschen. Aikido ist ein Weg geistiger und k\u00f6rperlicher Schulung, bei dem K\u00f6rper und Geist darauf trainiert werden, &hellip; <a href=\"https:\/\/www.dortmund-aikido.de\/?page_id=6\">Weiterlesen <span class=\"meta-nav\">&rarr;<\/span><\/a><\/p>\n","protected":false},"author":1,"featured_media":0,"parent":0,"menu_order":0,"comment_status":"closed","ping_status":"closed","template":"","meta":[],"_links":{"self":[{"href":"https:\/\/www.dortmund-aikido.de\/index.php?rest_route=\/wp\/v2\/pages\/6"}],"collection":[{"href":"https:\/\/www.dortmund-aikido.de\/index.php?rest_route=\/wp\/v2\/pages"}],"about":[{"href":"https:\/\/www.dortmund-aikido.de\/index.php?rest_route=\/wp\/v2\/types\/page"}],"author":[{"embeddable":true,"href":"https:\/\/www.dortmund-aikido.de\/index.php?rest_route=\/wp\/v2\/users\/1"}],"replies":[{"embeddable":true,"href":"https:\/\/www.dortmund-aikido.de\/index.php?rest_route=%2Fwp%2Fv2%2Fcomments&post=6"}],"version-history":[{"count":12,"href":"https:\/\/www.dortmund-aikido.de\/index.php?rest_route=\/wp\/v2\/pages\/6\/revisions"}],"predecessor-version":[{"id":1148,"href":"https:\/\/www.dortmund-aikido.de\/index.php?rest_route=\/wp\/v2\/pages\/6\/revisions\/1148"}],"wp:attachment":[{"href":"https:\/\/www.dortmund-aikido.de\/index.php?rest_route=%2Fwp%2Fv2%2Fmedia&parent=6"}],"curies":[{"name":"wp","href":"https:\/\/api.w.org\/{rel}","templated":true}]}}