{"id":20,"date":"2013-04-10T21:56:14","date_gmt":"2013-04-10T19:56:14","guid":{"rendered":"http:\/\/localhost\/wordpress\/?page_id=20"},"modified":"2014-09-09T20:21:47","modified_gmt":"2014-09-09T18:21:47","slug":"aikido-glossar","status":"publish","type":"page","link":"https:\/\/www.dortmund-aikido.de\/?page_id=20","title":{"rendered":"Aikido Glossar"},"content":{"rendered":"<p>Im Aikido Glossar haben wir eine Vielzahl der Begriffe und Stichw\u00f6rter<br \/>\nzusammengestellt, die einem auf der Matte und \u00dcberall da begegnen wo es<br \/>\num Aikido geht. Der Glossar erhebt keinen Anspruch auf<br \/>\nVollst\u00e4ndigkeit, Erg\u00e4nzungen sind dennoch jederzeit erw\u00fcnscht und<br \/>\nm\u00f6glich.<\/p>\n","protected":false},"excerpt":{"rendered":"<p>Im Aikido Glossar haben wir eine Vielzahl der Begriffe und Stichw\u00f6rter zusammengestellt, die einem auf der Matte und \u00dcberall da begegnen wo es um Aikido geht. Der Glossar erhebt keinen Anspruch auf Vollst\u00e4ndigkeit, Erg\u00e4nzungen sind dennoch jederzeit erw\u00fcnscht und m\u00f6glich.<\/p>\n","protected":false},"author":1,"featured_media":0,"parent":6,"menu_order":4,"comment_status":"closed","ping_status":"closed","template":"","meta":[],"_links":{"self":[{"href":"https:\/\/www.dortmund-aikido.de\/index.php?rest_route=\/wp\/v2\/pages\/20"}],"collection":[{"href":"https:\/\/www.dortmund-aikido.de\/index.php?rest_route=\/wp\/v2\/pages"}],"about":[{"href":"https:\/\/www.dortmund-aikido.de\/index.php?rest_route=\/wp\/v2\/types\/page"}],"author":[{"embeddable":true,"href":"https:\/\/www.dortmund-aikido.de\/index.php?rest_route=\/wp\/v2\/users\/1"}],"replies":[{"embeddable":true,"href":"https:\/\/www.dortmund-aikido.de\/index.php?rest_route=%2Fwp%2Fv2%2Fcomments&post=20"}],"version-history":[{"count":1,"href":"https:\/\/www.dortmund-aikido.de\/index.php?rest_route=\/wp\/v2\/pages\/20\/revisions"}],"predecessor-version":[{"id":708,"href":"https:\/\/www.dortmund-aikido.de\/index.php?rest_route=\/wp\/v2\/pages\/20\/revisions\/708"}],"up":[{"embeddable":true,"href":"https:\/\/www.dortmund-aikido.de\/index.php?rest_route=\/wp\/v2\/pages\/6"}],"wp:attachment":[{"href":"https:\/\/www.dortmund-aikido.de\/index.php?rest_route=%2Fwp%2Fv2%2Fmedia&parent=20"}],"curies":[{"name":"wp","href":"https:\/\/api.w.org\/{rel}","templated":true}]}}